{"id":128,"date":"2016-06-14T12:12:41","date_gmt":"2016-06-14T12:12:41","guid":{"rendered":"http:\/\/www.muensterschule-hof.de\/wordpress\/?page_id=128"},"modified":"2018-09-24T07:24:28","modified_gmt":"2018-09-24T07:24:28","slug":"berufseinstiegsbegleitung","status":"publish","type":"page","link":"https:\/\/www.muensterschule-hof.de\/wordpress\/schule\/berufseinstiegsbegleitung\/","title":{"rendered":"Berufseinstiegsbegleitung"},"content":{"rendered":"<p><img loading=\"lazy\" decoding=\"async\" class=\"alignnone size-medium wp-image-150\" src=\"https:\/\/www.muensterschule-hof.de\/wordpress\/wp-content\/uploads\/2016\/06\/treidinger-200x300.jpg\" alt=\"treidinger\" width=\"200\" height=\"300\" srcset=\"https:\/\/www.muensterschule-hof.de\/wordpress\/wp-content\/uploads\/2016\/06\/treidinger-200x300.jpg 200w, https:\/\/www.muensterschule-hof.de\/wordpress\/wp-content\/uploads\/2016\/06\/treidinger-683x1024.jpg 683w\" sizes=\"auto, (max-width: 200px) 100vw, 200px\" \/><\/p>\n<p>Seit 2009 ist Frau Treitinger von der Arbeitsgemeinschaft der Volkshochschulen im Landkreis Hof e.V. an der M\u00fcnsterschule als Berufseinstiegsbegleiterin t\u00e4tig.<\/p>\n<p>Die Berufseinstiegsbegleitung ist ein Bildungsangebot der Bundesagentur f\u00fcr Arbeit zur \u201eVerbesserung der Ausbildungschancen f\u00fcr f\u00f6rderungsbed\u00fcrftige junge Menschen\u201c. Sie betreut eine begrenzte Auswahl an Sch\u00fclerinnen und Sch\u00fcler der M\u00fcnsterschule ab der 8.Klasse. Ziel ist es die Jugendlichen \u00dcbergang von der Schule in eine Ausbildung individuell zu unterst\u00fctzen. \u00a0So wird ihnen<\/p>\n<ul>\n<li>bei schulischen Schwierigkeiten<\/li>\n<li>bei der Berufsorientierung<\/li>\n<li>bei der Ausbildungsplatzsuche<\/li>\n<li>bei Bewerbungen<\/li>\n<li>bei pers\u00f6nlichen Problemen<\/li>\n<\/ul>\n<p>unter die Arme gegriffen. Dabei arbeitet die Berufseinstiegsbegleitung eng mit der Schule, den Eltern und der Berufsberatung zusammen.<\/p>\n<p>Die Teilnahme \u00a0an dieser Ma\u00dfnahme ist freiwillig. Leider sind die Pl\u00e4tze beschr\u00e4nkt. Bei Interesse an der Ma\u00dfnahme gibt Frau Treitinger gerne Auskunft \u00fcber die Aufnahmekriterien.<\/p>\n<p>Frau Treitinger hat ihr B\u00fcro in der M\u00fcnsterschule im Flachbau rechts (ganz hinten) und ist erreichbar unter<br \/>\nder Telefonnummer: 09281 \/ 8391990<br \/>\noder<br \/>\nper mail: f.treitinger@vhs-landkreis-hof.de<\/p>\n<p><span style=\"color: #ff0000;\"><a style=\"color: #ff0000;\" href=\"https:\/\/www.muensterschule-hof.de\/wordpress\/?page_id=64\">zur\u00fcck<\/a><\/span><\/p>\n","protected":false},"excerpt":{"rendered":"<p>Seit 2009 ist Frau Treitinger von der Arbeitsgemeinschaft der Volkshochschulen im Landkreis Hof e.V. an der M\u00fcnsterschule als Berufseinstiegsbegleiterin t\u00e4tig. Die Berufseinstiegsbegleitung ist ein Bildungsangebot der Bundesagentur f\u00fcr Arbeit zur \u201eVerbesserung der Ausbildungschancen f\u00fcr f\u00f6rderungsbed\u00fcrftige junge Menschen\u201c. Sie betreut eine begrenzte Auswahl an Sch\u00fclerinnen und Sch\u00fcler der M\u00fcnsterschule ab der 8.Klasse. Ziel ist es die&hellip;&nbsp;<a href=\"https:\/\/www.muensterschule-hof.de\/wordpress\/schule\/berufseinstiegsbegleitung\/\" rel=\"bookmark\">Weiterlesen &raquo;<span class=\"screen-reader-text\">Berufseinstiegsbegleitung<\/span><\/a><\/p>\n","protected":false},"author":1,"featured_media":0,"parent":64,"menu_order":0,"comment_status":"closed","ping_status":"closed","template":"","meta":{"neve_meta_sidebar":"","neve_meta_container":"","neve_meta_enable_content_width":"","neve_meta_content_width":0,"neve_meta_title_alignment":"","neve_meta_author_avatar":"","neve_post_elements_order":"","neve_meta_disable_header":"","neve_meta_disable_footer":"","neve_meta_disable_title":"","footnotes":""},"class_list":["post-128","page","type-page","status-publish","hentry"],"yoast_head":"<!-- This site is optimized with the Yoast SEO plugin v27.4 - https:\/\/yoast.com\/product\/yoast-seo-wordpress\/ -->\n<title>Berufseinstiegsbegleitung - M\u00fcnsterschule<\/title>\n<meta name=\"robots\" content=\"index, follow, max-snippet:-1, max-image-preview:large, max-video-preview:-1\" \/>\n<link rel=\"canonical\" href=\"https:\/\/www.muensterschule-hof.de\/wordpress\/schule\/berufseinstiegsbegleitung\/\" \/>\n<meta property=\"og:locale\" content=\"de_DE\" \/>\n<meta property=\"og:type\" content=\"article\" \/>\n<meta property=\"og:title\" content=\"Berufseinstiegsbegleitung - M\u00fcnsterschule\" \/>\n<meta property=\"og:description\" content=\"Seit 2009 ist Frau Treitinger von der Arbeitsgemeinschaft der Volkshochschulen im Landkreis Hof e.V. an der M\u00fcnsterschule als Berufseinstiegsbegleiterin t\u00e4tig. Die Berufseinstiegsbegleitung ist ein Bildungsangebot der Bundesagentur f\u00fcr Arbeit zur \u201eVerbesserung der Ausbildungschancen f\u00fcr f\u00f6rderungsbed\u00fcrftige junge Menschen\u201c. Sie betreut eine begrenzte Auswahl an Sch\u00fclerinnen und Sch\u00fcler der M\u00fcnsterschule ab der 8.Klasse. Ziel ist es die&hellip;&nbsp;Weiterlesen &raquo;Berufseinstiegsbegleitung\" \/>\n<meta property=\"og:url\" content=\"https:\/\/www.muensterschule-hof.de\/wordpress\/schule\/berufseinstiegsbegleitung\/\" \/>\n<meta property=\"og:site_name\" content=\"M\u00fcnsterschule\" \/>\n<meta property=\"article:modified_time\" content=\"2018-09-24T07:24:28+00:00\" \/>\n<meta property=\"og:image\" content=\"https:\/\/www.muensterschule-hof.de\/wordpress\/wp-content\/uploads\/2016\/06\/treidinger-200x300.jpg\" \/>\n<meta name=\"twitter:card\" content=\"summary_large_image\" \/>\n<meta name=\"twitter:label1\" content=\"Gesch\u00e4tzte Lesezeit\" \/>\n\t<meta name=\"twitter:data1\" content=\"1\u00a0Minute\" \/>\n<script type=\"application\/ld+json\" class=\"yoast-schema-graph\">{\"@context\":\"https:\\\/\\\/schema.org\",\"@graph\":[{\"@type\":\"WebPage\",\"@id\":\"https:\\\/\\\/www.muensterschule-hof.de\\\/wordpress\\\/schule\\\/berufseinstiegsbegleitung\\\/\",\"url\":\"https:\\\/\\\/www.muensterschule-hof.de\\\/wordpress\\\/schule\\\/berufseinstiegsbegleitung\\\/\",\"name\":\"Berufseinstiegsbegleitung - M\u00fcnsterschule\",\"isPartOf\":{\"@id\":\"https:\\\/\\\/www.muensterschule-hof.de\\\/wordpress\\\/#website\"},\"primaryImageOfPage\":{\"@id\":\"https:\\\/\\\/www.muensterschule-hof.de\\\/wordpress\\\/schule\\\/berufseinstiegsbegleitung\\\/#primaryimage\"},\"image\":{\"@id\":\"https:\\\/\\\/www.muensterschule-hof.de\\\/wordpress\\\/schule\\\/berufseinstiegsbegleitung\\\/#primaryimage\"},\"thumbnailUrl\":\"https:\\\/\\\/www.muensterschule-hof.de\\\/wordpress\\\/wp-content\\\/uploads\\\/2016\\\/06\\\/treidinger-200x300.jpg\",\"datePublished\":\"2016-06-14T12:12:41+00:00\",\"dateModified\":\"2018-09-24T07:24:28+00:00\",\"breadcrumb\":{\"@id\":\"https:\\\/\\\/www.muensterschule-hof.de\\\/wordpress\\\/schule\\\/berufseinstiegsbegleitung\\\/#breadcrumb\"},\"inLanguage\":\"de\",\"potentialAction\":[{\"@type\":\"ReadAction\",\"target\":[\"https:\\\/\\\/www.muensterschule-hof.de\\\/wordpress\\\/schule\\\/berufseinstiegsbegleitung\\\/\"]}]},{\"@type\":\"ImageObject\",\"inLanguage\":\"de\",\"@id\":\"https:\\\/\\\/www.muensterschule-hof.de\\\/wordpress\\\/schule\\\/berufseinstiegsbegleitung\\\/#primaryimage\",\"url\":\"https:\\\/\\\/www.muensterschule-hof.de\\\/wordpress\\\/wp-content\\\/uploads\\\/2016\\\/06\\\/treidinger.jpg\",\"contentUrl\":\"https:\\\/\\\/www.muensterschule-hof.de\\\/wordpress\\\/wp-content\\\/uploads\\\/2016\\\/06\\\/treidinger.jpg\",\"width\":2217,\"height\":3326},{\"@type\":\"BreadcrumbList\",\"@id\":\"https:\\\/\\\/www.muensterschule-hof.de\\\/wordpress\\\/schule\\\/berufseinstiegsbegleitung\\\/#breadcrumb\",\"itemListElement\":[{\"@type\":\"ListItem\",\"position\":1,\"name\":\"Startseite\",\"item\":\"https:\\\/\\\/www.muensterschule-hof.de\\\/wordpress\\\/\"},{\"@type\":\"ListItem\",\"position\":2,\"name\":\"Schulfamilie\",\"item\":\"https:\\\/\\\/www.muensterschule-hof.de\\\/wordpress\\\/schule\\\/\"},{\"@type\":\"ListItem\",\"position\":3,\"name\":\"Berufseinstiegsbegleitung\"}]},{\"@type\":\"WebSite\",\"@id\":\"https:\\\/\\\/www.muensterschule-hof.de\\\/wordpress\\\/#website\",\"url\":\"https:\\\/\\\/www.muensterschule-hof.de\\\/wordpress\\\/\",\"name\":\"M\u00fcnsterschule\",\"description\":\"Deine Mittelschule in Hof\",\"publisher\":{\"@id\":\"https:\\\/\\\/www.muensterschule-hof.de\\\/wordpress\\\/#organization\"},\"alternateName\":\"MMS Hof\",\"potentialAction\":[{\"@type\":\"SearchAction\",\"target\":{\"@type\":\"EntryPoint\",\"urlTemplate\":\"https:\\\/\\\/www.muensterschule-hof.de\\\/wordpress\\\/?s={search_term_string}\"},\"query-input\":{\"@type\":\"PropertyValueSpecification\",\"valueRequired\":true,\"valueName\":\"search_term_string\"}}],\"inLanguage\":\"de\"},{\"@type\":\"Organization\",\"@id\":\"https:\\\/\\\/www.muensterschule-hof.de\\\/wordpress\\\/#organization\",\"name\":\"M\u00fcnster-Mittelschule Hof\",\"alternateName\":\"MMS Hof\",\"url\":\"https:\\\/\\\/www.muensterschule-hof.de\\\/wordpress\\\/\",\"logo\":{\"@type\":\"ImageObject\",\"inLanguage\":\"de\",\"@id\":\"https:\\\/\\\/www.muensterschule-hof.de\\\/wordpress\\\/#\\\/schema\\\/logo\\\/image\\\/\",\"url\":\"https:\\\/\\\/www.muensterschule-hof.de\\\/wordpress\\\/wp-content\\\/uploads\\\/2018\\\/05\\\/cropped-MMS-Hof-final-1.png\",\"contentUrl\":\"https:\\\/\\\/www.muensterschule-hof.de\\\/wordpress\\\/wp-content\\\/uploads\\\/2018\\\/05\\\/cropped-MMS-Hof-final-1.png\",\"width\":512,\"height\":512,\"caption\":\"M\u00fcnster-Mittelschule Hof\"},\"image\":{\"@id\":\"https:\\\/\\\/www.muensterschule-hof.de\\\/wordpress\\\/#\\\/schema\\\/logo\\\/image\\\/\"}}]}<\/script>\n<!-- \/ Yoast SEO plugin. -->","yoast_head_json":{"title":"Berufseinstiegsbegleitung - M\u00fcnsterschule","robots":{"index":"index","follow":"follow","max-snippet":"max-snippet:-1","max-image-preview":"max-image-preview:large","max-video-preview":"max-video-preview:-1"},"canonical":"https:\/\/www.muensterschule-hof.de\/wordpress\/schule\/berufseinstiegsbegleitung\/","og_locale":"de_DE","og_type":"article","og_title":"Berufseinstiegsbegleitung - M\u00fcnsterschule","og_description":"Seit 2009 ist Frau Treitinger von der Arbeitsgemeinschaft der Volkshochschulen im Landkreis Hof e.V. an der M\u00fcnsterschule als Berufseinstiegsbegleiterin t\u00e4tig. Die Berufseinstiegsbegleitung ist ein Bildungsangebot der Bundesagentur f\u00fcr Arbeit zur \u201eVerbesserung der Ausbildungschancen f\u00fcr f\u00f6rderungsbed\u00fcrftige junge Menschen\u201c. Sie betreut eine begrenzte Auswahl an Sch\u00fclerinnen und Sch\u00fcler der M\u00fcnsterschule ab der 8.Klasse. Ziel ist es die&hellip;&nbsp;Weiterlesen &raquo;Berufseinstiegsbegleitung","og_url":"https:\/\/www.muensterschule-hof.de\/wordpress\/schule\/berufseinstiegsbegleitung\/","og_site_name":"M\u00fcnsterschule","article_modified_time":"2018-09-24T07:24:28+00:00","og_image":[{"url":"https:\/\/www.muensterschule-hof.de\/wordpress\/wp-content\/uploads\/2016\/06\/treidinger-200x300.jpg","type":"","width":"","height":""}],"twitter_card":"summary_large_image","twitter_misc":{"Gesch\u00e4tzte Lesezeit":"1\u00a0Minute"},"schema":{"@context":"https:\/\/schema.org","@graph":[{"@type":"WebPage","@id":"https:\/\/www.muensterschule-hof.de\/wordpress\/schule\/berufseinstiegsbegleitung\/","url":"https:\/\/www.muensterschule-hof.de\/wordpress\/schule\/berufseinstiegsbegleitung\/","name":"Berufseinstiegsbegleitung - M\u00fcnsterschule","isPartOf":{"@id":"https:\/\/www.muensterschule-hof.de\/wordpress\/#website"},"primaryImageOfPage":{"@id":"https:\/\/www.muensterschule-hof.de\/wordpress\/schule\/berufseinstiegsbegleitung\/#primaryimage"},"image":{"@id":"https:\/\/www.muensterschule-hof.de\/wordpress\/schule\/berufseinstiegsbegleitung\/#primaryimage"},"thumbnailUrl":"https:\/\/www.muensterschule-hof.de\/wordpress\/wp-content\/uploads\/2016\/06\/treidinger-200x300.jpg","datePublished":"2016-06-14T12:12:41+00:00","dateModified":"2018-09-24T07:24:28+00:00","breadcrumb":{"@id":"https:\/\/www.muensterschule-hof.de\/wordpress\/schule\/berufseinstiegsbegleitung\/#breadcrumb"},"inLanguage":"de","potentialAction":[{"@type":"ReadAction","target":["https:\/\/www.muensterschule-hof.de\/wordpress\/schule\/berufseinstiegsbegleitung\/"]}]},{"@type":"ImageObject","inLanguage":"de","@id":"https:\/\/www.muensterschule-hof.de\/wordpress\/schule\/berufseinstiegsbegleitung\/#primaryimage","url":"https:\/\/www.muensterschule-hof.de\/wordpress\/wp-content\/uploads\/2016\/06\/treidinger.jpg","contentUrl":"https:\/\/www.muensterschule-hof.de\/wordpress\/wp-content\/uploads\/2016\/06\/treidinger.jpg","width":2217,"height":3326},{"@type":"BreadcrumbList","@id":"https:\/\/www.muensterschule-hof.de\/wordpress\/schule\/berufseinstiegsbegleitung\/#breadcrumb","itemListElement":[{"@type":"ListItem","position":1,"name":"Startseite","item":"https:\/\/www.muensterschule-hof.de\/wordpress\/"},{"@type":"ListItem","position":2,"name":"Schulfamilie","item":"https:\/\/www.muensterschule-hof.de\/wordpress\/schule\/"},{"@type":"ListItem","position":3,"name":"Berufseinstiegsbegleitung"}]},{"@type":"WebSite","@id":"https:\/\/www.muensterschule-hof.de\/wordpress\/#website","url":"https:\/\/www.muensterschule-hof.de\/wordpress\/","name":"M\u00fcnsterschule","description":"Deine Mittelschule in Hof","publisher":{"@id":"https:\/\/www.muensterschule-hof.de\/wordpress\/#organization"},"alternateName":"MMS Hof","potentialAction":[{"@type":"SearchAction","target":{"@type":"EntryPoint","urlTemplate":"https:\/\/www.muensterschule-hof.de\/wordpress\/?s={search_term_string}"},"query-input":{"@type":"PropertyValueSpecification","valueRequired":true,"valueName":"search_term_string"}}],"inLanguage":"de"},{"@type":"Organization","@id":"https:\/\/www.muensterschule-hof.de\/wordpress\/#organization","name":"M\u00fcnster-Mittelschule Hof","alternateName":"MMS Hof","url":"https:\/\/www.muensterschule-hof.de\/wordpress\/","logo":{"@type":"ImageObject","inLanguage":"de","@id":"https:\/\/www.muensterschule-hof.de\/wordpress\/#\/schema\/logo\/image\/","url":"https:\/\/www.muensterschule-hof.de\/wordpress\/wp-content\/uploads\/2018\/05\/cropped-MMS-Hof-final-1.png","contentUrl":"https:\/\/www.muensterschule-hof.de\/wordpress\/wp-content\/uploads\/2018\/05\/cropped-MMS-Hof-final-1.png","width":512,"height":512,"caption":"M\u00fcnster-Mittelschule Hof"},"image":{"@id":"https:\/\/www.muensterschule-hof.de\/wordpress\/#\/schema\/logo\/image\/"}}]}},"_links":{"self":[{"href":"https:\/\/www.muensterschule-hof.de\/wordpress\/wp-json\/wp\/v2\/pages\/128","targetHints":{"allow":["GET"]}}],"collection":[{"href":"https:\/\/www.muensterschule-hof.de\/wordpress\/wp-json\/wp\/v2\/pages"}],"about":[{"href":"https:\/\/www.muensterschule-hof.de\/wordpress\/wp-json\/wp\/v2\/types\/page"}],"author":[{"embeddable":true,"href":"https:\/\/www.muensterschule-hof.de\/wordpress\/wp-json\/wp\/v2\/users\/1"}],"replies":[{"embeddable":true,"href":"https:\/\/www.muensterschule-hof.de\/wordpress\/wp-json\/wp\/v2\/comments?post=128"}],"version-history":[{"count":4,"href":"https:\/\/www.muensterschule-hof.de\/wordpress\/wp-json\/wp\/v2\/pages\/128\/revisions"}],"predecessor-version":[{"id":467,"href":"https:\/\/www.muensterschule-hof.de\/wordpress\/wp-json\/wp\/v2\/pages\/128\/revisions\/467"}],"up":[{"embeddable":true,"href":"https:\/\/www.muensterschule-hof.de\/wordpress\/wp-json\/wp\/v2\/pages\/64"}],"wp:attachment":[{"href":"https:\/\/www.muensterschule-hof.de\/wordpress\/wp-json\/wp\/v2\/media?parent=128"}],"curies":[{"name":"wp","href":"https:\/\/api.w.org\/{rel}","templated":true}]}}