{"id":345,"date":"2018-03-13T07:25:56","date_gmt":"2018-03-13T07:25:56","guid":{"rendered":"http:\/\/www.muensterschule-hof.de\/wordpress\/?page_id=345"},"modified":"2023-10-17T11:01:36","modified_gmt":"2023-10-17T11:01:36","slug":"schulfruehstueck-denkbar","status":"publish","type":"page","link":"https:\/\/www.muensterschule-hof.de\/wordpress\/schule\/schulfruehstueck-denkbar\/","title":{"rendered":"Schulfr\u00fchst\u00fcck"},"content":{"rendered":"\n<div class=\"wp-block-columns is-layout-flex wp-container-core-columns-is-layout-9d6595d7 wp-block-columns-is-layout-flex\">\n<div class=\"wp-block-column is-layout-flow wp-block-column-is-layout-flow\" style=\"flex-basis:50%\">\n<figure class=\"wp-block-image size-full\"><img loading=\"lazy\" decoding=\"async\" width=\"686\" height=\"500\" src=\"https:\/\/www.muensterschule-hof.de\/wordpress\/wp-content\/uploads\/2023\/10\/image-16.png\" alt=\"\" class=\"wp-image-2549\" srcset=\"https:\/\/www.muensterschule-hof.de\/wordpress\/wp-content\/uploads\/2023\/10\/image-16.png 686w, https:\/\/www.muensterschule-hof.de\/wordpress\/wp-content\/uploads\/2023\/10\/image-16-300x219.png 300w\" sizes=\"auto, (max-width: 686px) 100vw, 686px\" \/><figcaption class=\"wp-element-caption\">Ein guter Start in den Tag beginnt mit einem gemeinsamen Fr\u00fchst\u00fcck<\/figcaption><\/figure>\n\n\n\n<figure class=\"wp-block-image size-full\"><img loading=\"lazy\" decoding=\"async\" width=\"561\" height=\"563\" src=\"https:\/\/www.muensterschule-hof.de\/wordpress\/wp-content\/uploads\/2023\/10\/image-18.png\" alt=\"\" class=\"wp-image-2551\" srcset=\"https:\/\/www.muensterschule-hof.de\/wordpress\/wp-content\/uploads\/2023\/10\/image-18.png 561w, https:\/\/www.muensterschule-hof.de\/wordpress\/wp-content\/uploads\/2023\/10\/image-18-300x300.png 300w, https:\/\/www.muensterschule-hof.de\/wordpress\/wp-content\/uploads\/2023\/10\/image-18-150x150.png 150w\" sizes=\"auto, (max-width: 561px) 100vw, 561px\" \/><figcaption class=\"wp-element-caption\">Fr\u00fchst\u00fcckslotsin Nadine<\/figcaption><\/figure>\n<\/div>\n\n\n\n<div class=\"wp-block-column is-layout-flow wp-block-column-is-layout-flow\" style=\"flex-basis:50%\">\n<p>Von Montag bis Freitag findet jeden Morgen im Sch\u00fclercaf\u00e9 der M\u00fcnsterschule ein gemeinsames Schulfr\u00fchst\u00fcck statt. Daran nehmen 15-17 Sch\u00fclerinnen und Sch\u00fcler aus verschiedenen Nationen teil. Die Kinder\u00a0sind aus den Jahrgangsstufen 5-9, wobei der Hauptanteil der G\u00e4ste aus den 5. und 6.Klassen kommt.<\/p>\n\n\n\n<p>Die Fr\u00fchst\u00fcckslotsin Nadine bereitet jeden Tag alles Notwendige vor und \u00f6ffnet den Caf\u00e9raum um kurz nach sieben Uhr. Die Br\u00f6tchen werden jeden Morgen t\u00e4glich frisch von der B\u00e4ckerei Vettel geholt.<\/p>\n\n\n\n<div style=\"height:54px\" aria-hidden=\"true\" class=\"wp-block-spacer\"><\/div>\n\n\n\n<blockquote class=\"wp-block-quote is-layout-flow wp-block-quote-is-layout-flow\">\n<p class=\"has-large-font-size\">&#8222;Fr\u00fchst\u00fcck ist die sch\u00f6nste aller Mahlzeiten. Man ist ausgeruht und jung, hat sich noch nicht ge\u00e4rgert und ist voll neuer Hoffnungen und Pl\u00e4ne.&#8220;<\/p>\n<cite>Heinrich Spoerl, deutscher Schriftsteller<\/cite><\/blockquote>\n\n\n\n<div style=\"height:80px\" aria-hidden=\"true\" class=\"wp-block-spacer\"><\/div>\n\n\n\n<h3 class=\"wp-block-heading\">Folgende Speisen und Getr\u00e4nke werden angeboten:<\/h3>\n\n\n\n<ul class=\"wp-block-list\">\n<li>M\u00fcsli, Cornflakes (auf Wunsch der Sch\u00fcler)<\/li>\n<\/ul>\n\n\n\n<ul class=\"wp-block-list\">\n<li>Frisches Obst und Gem\u00fcse<\/li>\n<\/ul>\n\n\n\n<ul class=\"wp-block-list\">\n<li>Fr\u00fcchtejoghurt, Quark, Frischk\u00e4se, Pudding<\/li>\n<\/ul>\n\n\n\n<ul class=\"wp-block-list\">\n<li>K\u00e4se und Wurst<\/li>\n<\/ul>\n\n\n\n<ul class=\"wp-block-list\">\n<li> Kakao, Tee, Saft (Apfel, Orange)<\/li>\n<\/ul>\n\n\n\n<ul class=\"wp-block-list\">\n<li>Marmelade, Nougatcreme<\/li>\n<\/ul>\n\n\n\n<ul class=\"wp-block-list\">\n<li><strong>unser eigener Honig &#8222;M\u00fcnstergold<\/strong>&#8222;<\/li>\n<\/ul>\n\n\n\n<p>Jedes Kind kann ausw\u00e4hlen, was es essen m\u00f6chte.<\/p>\n\n\n\n<p>Die Sch\u00fcler und Sch\u00fclerinnen helfen beim Abr\u00e4umen mit und sorgen daf\u00fcr, dass der jeweilige Tisch sauber hinterlassen wird. Sie d\u00fcrfen bei der Auswahl der Speisen und Getr\u00e4nke auch eigene W\u00fcnsche einbringen.<\/p>\n<\/div>\n<\/div>\n\n\n\n<p><\/p>\n\n\n\n<p><span style=\"color: #ff0000;\"><a style=\"color: #ff0000;\" href=\"https:\/\/www.muensterschule-hof.de\/wordpress\/?page_id=66\">zur\u00fcck<\/a><\/span><\/p>\n","protected":false},"excerpt":{"rendered":"<p>Von Montag bis Freitag findet jeden Morgen im Sch\u00fclercaf\u00e9 der M\u00fcnsterschule ein gemeinsames Schulfr\u00fchst\u00fcck statt. Daran nehmen 15-17 Sch\u00fclerinnen und Sch\u00fcler aus verschiedenen Nationen teil. Die Kinder\u00a0sind aus den Jahrgangsstufen 5-9, wobei der Hauptanteil der G\u00e4ste aus den 5. und 6.Klassen kommt. Die Fr\u00fchst\u00fcckslotsin Nadine bereitet jeden Tag alles Notwendige vor und \u00f6ffnet den Caf\u00e9raum&hellip;&nbsp;<a href=\"https:\/\/www.muensterschule-hof.de\/wordpress\/schule\/schulfruehstueck-denkbar\/\" rel=\"bookmark\">Weiterlesen &raquo;<span class=\"screen-reader-text\">Schulfr\u00fchst\u00fcck<\/span><\/a><\/p>\n","protected":false},"author":1,"featured_media":0,"parent":64,"menu_order":0,"comment_status":"closed","ping_status":"closed","template":"","meta":{"neve_meta_sidebar":"","neve_meta_container":"","neve_meta_enable_content_width":"","neve_meta_content_width":0,"neve_meta_title_alignment":"","neve_meta_author_avatar":"","neve_post_elements_order":"","neve_meta_disable_header":"","neve_meta_disable_footer":"","neve_meta_disable_title":"","footnotes":""},"class_list":["post-345","page","type-page","status-publish","hentry"],"yoast_head":"<!-- This site is optimized with the Yoast SEO plugin v27.4 - https:\/\/yoast.com\/product\/yoast-seo-wordpress\/ -->\n<title>Schulfr\u00fchst\u00fcck - M\u00fcnsterschule<\/title>\n<meta name=\"robots\" content=\"index, follow, max-snippet:-1, max-image-preview:large, max-video-preview:-1\" \/>\n<link rel=\"canonical\" href=\"https:\/\/www.muensterschule-hof.de\/wordpress\/schule\/schulfruehstueck-denkbar\/\" \/>\n<meta property=\"og:locale\" content=\"de_DE\" \/>\n<meta property=\"og:type\" content=\"article\" \/>\n<meta property=\"og:title\" content=\"Schulfr\u00fchst\u00fcck - M\u00fcnsterschule\" \/>\n<meta property=\"og:description\" content=\"Von Montag bis Freitag findet jeden Morgen im Sch\u00fclercaf\u00e9 der M\u00fcnsterschule ein gemeinsames Schulfr\u00fchst\u00fcck statt. Daran nehmen 15-17 Sch\u00fclerinnen und Sch\u00fcler aus verschiedenen Nationen teil. Die Kinder\u00a0sind aus den Jahrgangsstufen 5-9, wobei der Hauptanteil der G\u00e4ste aus den 5. und 6.Klassen kommt. Die Fr\u00fchst\u00fcckslotsin Nadine bereitet jeden Tag alles Notwendige vor und \u00f6ffnet den Caf\u00e9raum&hellip;&nbsp;Weiterlesen &raquo;Schulfr\u00fchst\u00fcck\" \/>\n<meta property=\"og:url\" content=\"https:\/\/www.muensterschule-hof.de\/wordpress\/schule\/schulfruehstueck-denkbar\/\" \/>\n<meta property=\"og:site_name\" content=\"M\u00fcnsterschule\" \/>\n<meta property=\"article:modified_time\" content=\"2023-10-17T11:01:36+00:00\" \/>\n<meta property=\"og:image\" content=\"https:\/\/www.muensterschule-hof.de\/wordpress\/wp-content\/uploads\/2023\/10\/image-16.png\" \/>\n<meta name=\"twitter:card\" content=\"summary_large_image\" \/>\n<meta name=\"twitter:label1\" content=\"Gesch\u00e4tzte Lesezeit\" \/>\n\t<meta name=\"twitter:data1\" content=\"1\u00a0Minute\" \/>\n<script type=\"application\/ld+json\" class=\"yoast-schema-graph\">{\"@context\":\"https:\\\/\\\/schema.org\",\"@graph\":[{\"@type\":\"WebPage\",\"@id\":\"https:\\\/\\\/www.muensterschule-hof.de\\\/wordpress\\\/schule\\\/schulfruehstueck-denkbar\\\/\",\"url\":\"https:\\\/\\\/www.muensterschule-hof.de\\\/wordpress\\\/schule\\\/schulfruehstueck-denkbar\\\/\",\"name\":\"Schulfr\u00fchst\u00fcck - M\u00fcnsterschule\",\"isPartOf\":{\"@id\":\"https:\\\/\\\/www.muensterschule-hof.de\\\/wordpress\\\/#website\"},\"primaryImageOfPage\":{\"@id\":\"https:\\\/\\\/www.muensterschule-hof.de\\\/wordpress\\\/schule\\\/schulfruehstueck-denkbar\\\/#primaryimage\"},\"image\":{\"@id\":\"https:\\\/\\\/www.muensterschule-hof.de\\\/wordpress\\\/schule\\\/schulfruehstueck-denkbar\\\/#primaryimage\"},\"thumbnailUrl\":\"https:\\\/\\\/www.muensterschule-hof.de\\\/wordpress\\\/wp-content\\\/uploads\\\/2023\\\/10\\\/image-16.png\",\"datePublished\":\"2018-03-13T07:25:56+00:00\",\"dateModified\":\"2023-10-17T11:01:36+00:00\",\"breadcrumb\":{\"@id\":\"https:\\\/\\\/www.muensterschule-hof.de\\\/wordpress\\\/schule\\\/schulfruehstueck-denkbar\\\/#breadcrumb\"},\"inLanguage\":\"de\",\"potentialAction\":[{\"@type\":\"ReadAction\",\"target\":[\"https:\\\/\\\/www.muensterschule-hof.de\\\/wordpress\\\/schule\\\/schulfruehstueck-denkbar\\\/\"]}]},{\"@type\":\"ImageObject\",\"inLanguage\":\"de\",\"@id\":\"https:\\\/\\\/www.muensterschule-hof.de\\\/wordpress\\\/schule\\\/schulfruehstueck-denkbar\\\/#primaryimage\",\"url\":\"https:\\\/\\\/www.muensterschule-hof.de\\\/wordpress\\\/wp-content\\\/uploads\\\/2023\\\/10\\\/image-16.png\",\"contentUrl\":\"https:\\\/\\\/www.muensterschule-hof.de\\\/wordpress\\\/wp-content\\\/uploads\\\/2023\\\/10\\\/image-16.png\",\"width\":686,\"height\":500},{\"@type\":\"BreadcrumbList\",\"@id\":\"https:\\\/\\\/www.muensterschule-hof.de\\\/wordpress\\\/schule\\\/schulfruehstueck-denkbar\\\/#breadcrumb\",\"itemListElement\":[{\"@type\":\"ListItem\",\"position\":1,\"name\":\"Startseite\",\"item\":\"https:\\\/\\\/www.muensterschule-hof.de\\\/wordpress\\\/\"},{\"@type\":\"ListItem\",\"position\":2,\"name\":\"Schulfamilie\",\"item\":\"https:\\\/\\\/www.muensterschule-hof.de\\\/wordpress\\\/schule\\\/\"},{\"@type\":\"ListItem\",\"position\":3,\"name\":\"Schulfr\u00fchst\u00fcck\"}]},{\"@type\":\"WebSite\",\"@id\":\"https:\\\/\\\/www.muensterschule-hof.de\\\/wordpress\\\/#website\",\"url\":\"https:\\\/\\\/www.muensterschule-hof.de\\\/wordpress\\\/\",\"name\":\"M\u00fcnsterschule\",\"description\":\"Deine Mittelschule in Hof\",\"publisher\":{\"@id\":\"https:\\\/\\\/www.muensterschule-hof.de\\\/wordpress\\\/#organization\"},\"alternateName\":\"MMS Hof\",\"potentialAction\":[{\"@type\":\"SearchAction\",\"target\":{\"@type\":\"EntryPoint\",\"urlTemplate\":\"https:\\\/\\\/www.muensterschule-hof.de\\\/wordpress\\\/?s={search_term_string}\"},\"query-input\":{\"@type\":\"PropertyValueSpecification\",\"valueRequired\":true,\"valueName\":\"search_term_string\"}}],\"inLanguage\":\"de\"},{\"@type\":\"Organization\",\"@id\":\"https:\\\/\\\/www.muensterschule-hof.de\\\/wordpress\\\/#organization\",\"name\":\"M\u00fcnster-Mittelschule Hof\",\"alternateName\":\"MMS Hof\",\"url\":\"https:\\\/\\\/www.muensterschule-hof.de\\\/wordpress\\\/\",\"logo\":{\"@type\":\"ImageObject\",\"inLanguage\":\"de\",\"@id\":\"https:\\\/\\\/www.muensterschule-hof.de\\\/wordpress\\\/#\\\/schema\\\/logo\\\/image\\\/\",\"url\":\"https:\\\/\\\/www.muensterschule-hof.de\\\/wordpress\\\/wp-content\\\/uploads\\\/2018\\\/05\\\/cropped-MMS-Hof-final-1.png\",\"contentUrl\":\"https:\\\/\\\/www.muensterschule-hof.de\\\/wordpress\\\/wp-content\\\/uploads\\\/2018\\\/05\\\/cropped-MMS-Hof-final-1.png\",\"width\":512,\"height\":512,\"caption\":\"M\u00fcnster-Mittelschule Hof\"},\"image\":{\"@id\":\"https:\\\/\\\/www.muensterschule-hof.de\\\/wordpress\\\/#\\\/schema\\\/logo\\\/image\\\/\"}}]}<\/script>\n<!-- \/ Yoast SEO plugin. -->","yoast_head_json":{"title":"Schulfr\u00fchst\u00fcck - M\u00fcnsterschule","robots":{"index":"index","follow":"follow","max-snippet":"max-snippet:-1","max-image-preview":"max-image-preview:large","max-video-preview":"max-video-preview:-1"},"canonical":"https:\/\/www.muensterschule-hof.de\/wordpress\/schule\/schulfruehstueck-denkbar\/","og_locale":"de_DE","og_type":"article","og_title":"Schulfr\u00fchst\u00fcck - M\u00fcnsterschule","og_description":"Von Montag bis Freitag findet jeden Morgen im Sch\u00fclercaf\u00e9 der M\u00fcnsterschule ein gemeinsames Schulfr\u00fchst\u00fcck statt. Daran nehmen 15-17 Sch\u00fclerinnen und Sch\u00fcler aus verschiedenen Nationen teil. Die Kinder\u00a0sind aus den Jahrgangsstufen 5-9, wobei der Hauptanteil der G\u00e4ste aus den 5. und 6.Klassen kommt. Die Fr\u00fchst\u00fcckslotsin Nadine bereitet jeden Tag alles Notwendige vor und \u00f6ffnet den Caf\u00e9raum&hellip;&nbsp;Weiterlesen &raquo;Schulfr\u00fchst\u00fcck","og_url":"https:\/\/www.muensterschule-hof.de\/wordpress\/schule\/schulfruehstueck-denkbar\/","og_site_name":"M\u00fcnsterschule","article_modified_time":"2023-10-17T11:01:36+00:00","og_image":[{"url":"https:\/\/www.muensterschule-hof.de\/wordpress\/wp-content\/uploads\/2023\/10\/image-16.png","type":"","width":"","height":""}],"twitter_card":"summary_large_image","twitter_misc":{"Gesch\u00e4tzte Lesezeit":"1\u00a0Minute"},"schema":{"@context":"https:\/\/schema.org","@graph":[{"@type":"WebPage","@id":"https:\/\/www.muensterschule-hof.de\/wordpress\/schule\/schulfruehstueck-denkbar\/","url":"https:\/\/www.muensterschule-hof.de\/wordpress\/schule\/schulfruehstueck-denkbar\/","name":"Schulfr\u00fchst\u00fcck - M\u00fcnsterschule","isPartOf":{"@id":"https:\/\/www.muensterschule-hof.de\/wordpress\/#website"},"primaryImageOfPage":{"@id":"https:\/\/www.muensterschule-hof.de\/wordpress\/schule\/schulfruehstueck-denkbar\/#primaryimage"},"image":{"@id":"https:\/\/www.muensterschule-hof.de\/wordpress\/schule\/schulfruehstueck-denkbar\/#primaryimage"},"thumbnailUrl":"https:\/\/www.muensterschule-hof.de\/wordpress\/wp-content\/uploads\/2023\/10\/image-16.png","datePublished":"2018-03-13T07:25:56+00:00","dateModified":"2023-10-17T11:01:36+00:00","breadcrumb":{"@id":"https:\/\/www.muensterschule-hof.de\/wordpress\/schule\/schulfruehstueck-denkbar\/#breadcrumb"},"inLanguage":"de","potentialAction":[{"@type":"ReadAction","target":["https:\/\/www.muensterschule-hof.de\/wordpress\/schule\/schulfruehstueck-denkbar\/"]}]},{"@type":"ImageObject","inLanguage":"de","@id":"https:\/\/www.muensterschule-hof.de\/wordpress\/schule\/schulfruehstueck-denkbar\/#primaryimage","url":"https:\/\/www.muensterschule-hof.de\/wordpress\/wp-content\/uploads\/2023\/10\/image-16.png","contentUrl":"https:\/\/www.muensterschule-hof.de\/wordpress\/wp-content\/uploads\/2023\/10\/image-16.png","width":686,"height":500},{"@type":"BreadcrumbList","@id":"https:\/\/www.muensterschule-hof.de\/wordpress\/schule\/schulfruehstueck-denkbar\/#breadcrumb","itemListElement":[{"@type":"ListItem","position":1,"name":"Startseite","item":"https:\/\/www.muensterschule-hof.de\/wordpress\/"},{"@type":"ListItem","position":2,"name":"Schulfamilie","item":"https:\/\/www.muensterschule-hof.de\/wordpress\/schule\/"},{"@type":"ListItem","position":3,"name":"Schulfr\u00fchst\u00fcck"}]},{"@type":"WebSite","@id":"https:\/\/www.muensterschule-hof.de\/wordpress\/#website","url":"https:\/\/www.muensterschule-hof.de\/wordpress\/","name":"M\u00fcnsterschule","description":"Deine Mittelschule in Hof","publisher":{"@id":"https:\/\/www.muensterschule-hof.de\/wordpress\/#organization"},"alternateName":"MMS Hof","potentialAction":[{"@type":"SearchAction","target":{"@type":"EntryPoint","urlTemplate":"https:\/\/www.muensterschule-hof.de\/wordpress\/?s={search_term_string}"},"query-input":{"@type":"PropertyValueSpecification","valueRequired":true,"valueName":"search_term_string"}}],"inLanguage":"de"},{"@type":"Organization","@id":"https:\/\/www.muensterschule-hof.de\/wordpress\/#organization","name":"M\u00fcnster-Mittelschule Hof","alternateName":"MMS Hof","url":"https:\/\/www.muensterschule-hof.de\/wordpress\/","logo":{"@type":"ImageObject","inLanguage":"de","@id":"https:\/\/www.muensterschule-hof.de\/wordpress\/#\/schema\/logo\/image\/","url":"https:\/\/www.muensterschule-hof.de\/wordpress\/wp-content\/uploads\/2018\/05\/cropped-MMS-Hof-final-1.png","contentUrl":"https:\/\/www.muensterschule-hof.de\/wordpress\/wp-content\/uploads\/2018\/05\/cropped-MMS-Hof-final-1.png","width":512,"height":512,"caption":"M\u00fcnster-Mittelschule Hof"},"image":{"@id":"https:\/\/www.muensterschule-hof.de\/wordpress\/#\/schema\/logo\/image\/"}}]}},"_links":{"self":[{"href":"https:\/\/www.muensterschule-hof.de\/wordpress\/wp-json\/wp\/v2\/pages\/345","targetHints":{"allow":["GET"]}}],"collection":[{"href":"https:\/\/www.muensterschule-hof.de\/wordpress\/wp-json\/wp\/v2\/pages"}],"about":[{"href":"https:\/\/www.muensterschule-hof.de\/wordpress\/wp-json\/wp\/v2\/types\/page"}],"author":[{"embeddable":true,"href":"https:\/\/www.muensterschule-hof.de\/wordpress\/wp-json\/wp\/v2\/users\/1"}],"replies":[{"embeddable":true,"href":"https:\/\/www.muensterschule-hof.de\/wordpress\/wp-json\/wp\/v2\/comments?post=345"}],"version-history":[{"count":8,"href":"https:\/\/www.muensterschule-hof.de\/wordpress\/wp-json\/wp\/v2\/pages\/345\/revisions"}],"predecessor-version":[{"id":2554,"href":"https:\/\/www.muensterschule-hof.de\/wordpress\/wp-json\/wp\/v2\/pages\/345\/revisions\/2554"}],"up":[{"embeddable":true,"href":"https:\/\/www.muensterschule-hof.de\/wordpress\/wp-json\/wp\/v2\/pages\/64"}],"wp:attachment":[{"href":"https:\/\/www.muensterschule-hof.de\/wordpress\/wp-json\/wp\/v2\/media?parent=345"}],"curies":[{"name":"wp","href":"https:\/\/api.w.org\/{rel}","templated":true}]}}